 the remainder when 158 is divided by 102.
56
What is the remainder when 204 is divided by 23?
20
What is the remainder when 1248 is divided by 29?
1
What is the remainder when 5614 is divided by 117?
115
What is the remainder when 980 is divided by 21?
14
Calculate the remainder when 283 is divided by 71.
70
What is the remainder when 6742 is divided by 36?
10
What is the remainder when 83 is divided by 17?
15
What is the remainder when 77 is divided by 13?
12
What is the remainder when 107 is divided by 14?
9
Calculate the remainder when 133 is divided by 45.
43
Calculate the remainder when 1037 is divided by 539.
498
What is the remainder when 167 is divided by 60?
47
Calculate the remainder when 377 is divided by 129.
119
Calculate the remainder when 702 is divided by 22.
20
Calculate the remainder when 195 is divided by 11.
8
What is the remainder when 207 is divided by 4?
3
Calculate the remainder when 69 is divided by 5.
4
What is the remainder when 196 is divided by 25?
21
Calculate the remainder when 1565 is divided by 58.
57
What is the remainder when 282 is divided by 83?
33
Calculate the remainder when 158 is divided by 20.
18
Calculate the remainder when 26 is divided by 20.
6
What is the remainder when 1434 is divided by 204?
6
Calculate the remainder when 56 is divided by 24.
8
What is the remainder when 211 is divided by 63?
22
Calculate the remainder when 8529 is divided by 19.
17
Calculate the remainder when 1538 is divided by 81.
80
Calculate the remainder when 235 is divided by 41.
30
Calculate the remainder when 962 is divided by 5.
2
Calculate the remainder when 304 is divided by 130.
44
What is the remainder when 146 is divided by 54?
38
What is the remainder when 3627 is divided by 723?
12
Calculate the remainder when 274 is divided by 16.
2
Calculate the remainder when 499 is divided by 243.
13
What is the remainder when 2595 is divided by 37?
5
What is the remainder when 20 is divided by 4?
0
What is the remainder when 2198 is divided by 40?
38
Calculate the remainder when 6227 is divided by 18.
17
Calculate the remainder when 997 is divided by 194.
27
Calculate the remainder when 2546 is divided by 94.
8
What is the remainder when 2586 is divided by 132?
78
Calculate the remainder when 74 is divided by 19.
17
What is the remainder when 409 is divided by 23?
18
Calculate the remainder when 68 is divided by 36.
32
Calculate the remainder when 639 is divided by 116.
59
Calculate the remainder when 3684 is divided by 97.
95
What is the remainder when 5334 is divided by 13?
4
Calculate the remainder when 2089 is divided by 78.
61
Calculate the remainder when 1579 is divided by 26.
19
What is the remainder when 417 is divided by 15?
12
What is the remainder when 556 is divided by 112?
108
What is the remainder when 146 is divided by 52?
42
Calculate the remainder when 918 is divided by 115.
113
Calculate the remainder when 111 is divided by 21.
6
What is the remainder when 976 is divided by 39?
1
What is the remainder when 584 is divided by 154?
122
Calculate the remainder when 272 is divided by 69.
65
What is the remainder when 124 is divided by 64?
60
What is the remainder when 144 is divided by 37?
33
What is the remainder when 101 is divided by 23?
9
Calculate the remainder when 136 is divided by 133.
3
Calculate the remainder when 909 is divided by 35.
34
What is the remainder when 637 is divided by 29?
28
What is the remainder when 1109 is divided by 10?
9
What is the remainder when 10207 is divided by 123?
121
Calculate the remainder when 54 is divided by 40.
14
What is the remainder when 2773 is divided by 214?
205
What is the remainder when 835 is divided by 234?
133
What is the remainder when 51 is divided by 3?
0
Calculate the remainder when 149 is divided by 15.
14
Calculate the remainder when 501 is divided by 15.
6
Calculate the remainder when 819 is divided by 50.
19
What is the remainder when 171 is divided by 10?
1
Calculate the remainder when 1801 is divided by 19.
15
Calculate the remainder when 199 is divided by 68.
63
What is the remainder when 82 is divided by 22?
16
What is the remainder when 71 is divided by 21?
8
What is the remainder when 268 is divided by 15?
13
Calculate the remainder when 75 is divided by 13.
10
What is the remainder when 7887 is divided by 263?
260
Calculate the remainder when 681 is divided by 222.
15
Calculate the remainder when 19 is divided by 15.
4
What is the remainder when 51 is divided by 37?
14
What is the remainder when 857 is divided by 823?
34
Calculate the remainder when 676 is divided by 40.
36
What is the remainder when 185 is divided by 73?
39
Calculate the remainder when 458 is divided by 91.
3
Calculate the remainder when 1333 is divided by 338.
319
Calculate the remainder when 681 is divided by 88.
65
What is the remainder when 804 is divided by 201?
0
What is the remainder when 389 is divided by 14?
11
Calculate the remainder when 148 is divided by 39.
31
What is the remainder when 60 is divided by 54?
6
Calculate the remainder when 54 is divided by 14.
12
Calculate the remainder when 73 is divided by 13.
8
What is the remainder when 351 is divided by 26?
13
Calculate the remainder when 3198 is divided by 40.
38
Calculate the remainder when 314 is divided by 305.
9
What is the remainder when 34 is divided by 19?
15
Calculate the remainder when 8 is divided by 6.
2
What is the remainder when 25353 is divided by 7?
6
What is the remainder when 1088 is divided by 80?
48
What is the remainder when 1212 is divided by 120?
12
Calculate the remainder when 2518 is divided by 26.
22
Calculate the remainder when 59 is divided by 17.
8
What is the remainder when 291 is divided by 21?
18
What is the remainder when 284 is divided by 11?
9
Calculate the remainder when 199 is divided by 34.
29
What is the remainder when 114 is divided by 29?
27
What is the remainder when 283 is divided by 30?
13
What is the remainder when 271 is divided by 89?
4
What is the remainder when 2449 is divided by 19?
17
Calculate the remainder when 484 is divided by 69.
1
What is the remainder when 26 is divided by 5?
1
What is the remainder when 801 is divided by 363?
75
Calculate the remainder when 110 is divided by 9.
2
Calculate the remainder when 861 is divided by 73.
58
What is the remainder when 89 is divided by 6?
5
Calculate the remainder when 96 is divided by 76.
20
What is the remainder when 81 is divided by 9?
0
Calculate the remainder when 31 is divided by 7.
3
Calculate the remainder when 43 is divided by 34.
9
Calculate the remainder when 1293 is divided by 15.
3
Calculate the remainder when 1737 is divided by 76.
65
What is the remainder when 353 is divided by 175?
3
What is the remainder when 136 is divided by 133?
3
What is the remainder when 4778 is divided by 366?
20
Calculate the remainder when 296 is divided by 13.
10
What is the remainder when 81 is divided by 55?
26
Calculate the remainder when 3801 is divided by 47.
41
Calculate the remainder when 65 is divided by 20.
5
What is the remainder when 5189 is divided by 1727?
8
What is the remainder when 335 is divided by 184?
151
Calculate the remainder when 2848 is divided by 37.
36
What is the remainder when 492 is divided by 26?
24
What is the remainder when 245 is divided by 9?
2
What is the remainder when 39 is divided by 36?
3
Calculate the remainder when 682 is divided by 98.
94
What is the remainder when 13 is divided by 11?
2
What is the remainder when 532 is divided by 6?
4
Calculate the remainder when 9017 is divided by 19.
11
What is the remainder when 30 is divided by 2?
0
What is the remainder when 307 is divided by 160?
147
What is the remainder when 953 is divided by 953?
0
What is the remainder when 64 is divided by 3?
1
What is the remainder when 2253 is divided by 36?
21
Calculate the remainder when 140 is divided by 28.
0
Calculate the remainder when 142 is divided by 72.
70
What is the remainder when 91 is divided by 24?
19
Calculate the remainder when 4533 is divided by 126.
123
What is the remainder when 253 is divided by 60?
13
What is the remainder when 904 is divided by 70?
64
Calculate the remainder when 859 is divided by 86.
85
What is the remainder when 844 is divided by 25?
19
Calculate th